l**2 - 4*l - 1. Let t be q(4). Let o(d) = t*x(d) - 5*v(d). Determine o(6).
1
Let q = -3 + 4. Let u(b) = -b + 3*b + 0*b**2 - b**2 + 0 + q. Give u(-2).
-7
Suppose -3*s + 0*s - 4*c = 4, 0 = 3*s + 3*c + 3. Suppose s*x - 6 = -x. Suppose -5*y = 3*t, 4*y + t + x = -1. Let o(b) = b**3 + 3*b**2 + 3. What is o(y)?
3
Let d(q) be the second derivative of -q**3/6 - q**2 + 5*q. Determine d(3).
-5
Suppose 3*x = -0*x + 57. Let g = 34 - x. Suppose -2*n - 6 = 3*z, -6*n + n - g = 5*z. Let h(i) = -i**2 - 6*i - 2. What is h(n)?
7
Let b(z) = -4*z**3 - 1. Let n(j) = -j**3 - 8*j**2 - j - 7. Let a(s) = 3*s - 2. Let q be 4/(-10) + 16/(-10). Let k be a(q). Let x be n(k). Determine b(x).
-5
Let i(h) = h + 4. Let y = 8 - 6. Let l be -3 + y + 4 - 3. Give i(l).
4
Let f(d) be the third derivative of 1/24*d**4 + 3*d**2 + 0*d - 2/3*d**3 + 0. Calculate f(3).
-1
Let o(i) = 2*i**2 + 2*i + 1. Suppose 32*v = 36*v + 8. Determine o(v).
5
Suppose 0 = 5*t - 3*h - 21, -2 - 4 = 3*h. Let b(i) be the first derivative of -t + 1/2*i**2 + 6*i. What is b(0)?
6
Let n = 19 - 12. Suppose -n*h = -8*h - 2. Let x(b) = 2*b - 1. Give x(h).
-5
Let i(o) = o + 2. Let k(l) = -l**2 - 19*l - 5. Let r(b) = b**2 + 18*b + 5. Let t(p) = -5*k(p) - 6*r(p). Let c be t(-13). Calculate i(c).
-3
Let q be 1/((-1)/(-4)) - (-29 + 37). Let p(l) = 1 + 0 + 3*l + 5. Calculate p(q).
-6
Let u(n) = -10*n - 6 + 12*n**2 + n - 13*n**2. Give u(-7).
8
Let m(b) = b**2 + 5*b + 3. Let n(c) = -c + 4. Let g be -3*10/(-6) + 2. Let f be n(g). Calculate m(f).
-3
Let x(a) = -21*a - 1. Let u(d) = -4*d. Let z(n) = -11*u(n) + 2*x(n). What is z(5)?
8
Let s(j) = -5 - 6*j**3 - 12*j**3 + 19*j**3 + 9*j**2. Give s(-9).
-5
Let v(a) be the second derivative of a**3/2 - a**2 + 2*a. Let x(l) = -l**2 + 5*l + 16. Let k be x(7). Calculate v(k).
4
Let p(w) be the third derivative of w**4/24 + w**3/3 - 6*w**2. Suppose -3 = 5*c - 23. Give p(c).
6
Let a(t) = t + 3. Let i = -3 - -10. Determine a(i).
10
Let m(y) = -y**3 - 6*y**2 - 6*y - 3. Let s(a) = -2*a. Let q be s(1). Let c(b) = 4*b + 3. Let i be c(q). What is m(i)?
2
Let k(s) = s**2 - 4*s. Suppose 0 = 3*d - 4*d + 3. Suppose -r = 5, -4*g = -r + 2*r - d. What is k(g)?
-4
Let l(i) = i + 1. Let j be l(1). Let a(w) = j*w**2 + 2*w - 5*w**2 + 2*w**2 - w + 6. Determine a(0).
6
Let l(u) = -132*u - 4*u**2 - 2 - 2*u**3 + 64*u + 64*u. Give l(-2).
6
Let x(n) = -11*n**2 + 15*n + 14. Let i(l) = 7*l**2 - 10*l - 9. Let a(m) = -8*i(m) - 5*x(m). Calculate a(4).
6
Let g(q) be the first derivative of -q**2/2 + 3*q + 5. Determine g(4).
-1
Let i be (-4)/6*(-63)/14. Let a(k) = 5 - 1 + 0*k - 2*k + i*k. Determine a(0).
4
Let i = 12 + -6. Suppose 0 = 3*n - 0*n - i. Let d(m) = n*m**2 - m - 3*m**2 + 0*m**2 - 1. Calculate d(-3).
-7
Let t(a) = -a**2 + 6*a + 8. Let m(y) = y - 6. Let u be m(13). Calculate t(u).
1
Suppose -5*x - 5*j = 1 + 4, 5*j = 3*x - 29. Let t(n) = -5*n - 4. What is t(x)?
-19
Let k = -6 - -8. Suppose k*h - 7 - 1 = 0. Let p(a) be the third derivative of a**4/24 + 11*a**2. Determine p(h).
4
Let m(x) = x + 12. Let z(a) = -4*a - 48. Let u(f) = -9*m(f) - 2*z(f). What is u(-6)?
-6
Let v(a) = a**3 - 5*a**2 - a - 5. Let s(d) = 2*d - 10. Let w be s(10). Let i = w - 5. Give v(i).
-10
Suppose 22 = 3*d + 2*s + 2*s, d + 10 = 3*s. Suppose 5*l - 5 = -5*o, -d*o + 3*l + l - 4 = 0. Let k(v) = -v**2 + 1 + 8 - v**3 + v - 3. Determine k(o).
6
Let o(g) be the third derivative of g**4/8 - g**3/3 - 2*g**2. Let u be (2 + 0)*(2 - 3). Let q = u - -4. Determine o(q).
4
Let t(q) = q**3 - 3*q**2 - 5*q + 2. Let k = 35 + -31. What is t(k)?
-2
Let l(g) = -3*g - 9. Let q(s) = -7*s - 19. Let f(m) = 5*l(m) - 2*q(m). Give f(0).
-7
Suppose -15 = q - 6*q. Suppose -i = -q*i. Let x(k) be the first derivative of k**3/3 - k**2/2 - 6*k + 22. Give x(i).
-6
Let h(m) = m**3 - 7*m**2 + 7*m - 3. Let f be h(6). Suppose -3*p - f + 0 = 0. Let l(r) be the third derivative of -5*r**4/24 - r**3/6 - 3*r**2. Determine l(p).
4
Let a(g) = -g**2 + 13*g + 6. Let f be a(13). Let z(m) = m**2 - 8*m + 3. Give z(f).
-9
Let b(s) = -4 - 24*s**3 - 4*s**2 + 15*s**3 - 3*s + 10*s**3. What is b(5)?
6
Let q(b) = 1. Let h(r) = r. Let f(i) = -h(i) + 2*q(i). Let l be f(6). Let p(c) = -c**3 - 4*c**2 - 2*c - 1. Determine p(l).
7
Let l(v) be the second derivative of v**3/3 + v**2/2 - 4*v. Let i(q) = 3*q + 1. Let j(a) = 5*i(a) - 7*l(a). Calculate j(7).
5
Let q(u) = -u**3 - u - 1. Let z be q(-1). Let x(b) = 5*b**3 - 2*b + 5*b**3 - 5*b**3 - z. Determine x(-1).
-4
Let o(t) = 4*t - 4*t - 3*t - 1. Suppose -6*j + 6 - 18 = 0. What is o(j)?
5
Let p(z) be the second derivative of z**5/10 - z**4/6 - z**3/3 + z**2/2 + 3*z. What is p(2)?
5
Let u(l) = -l**2 + 6*l - 8. Suppose 5*m - 299 + 269 = 0. Give u(m).
-8
Let f(i) be the third derivative of 1/24*i**4 + 0*i - 1/20*i**5 - 1/2*i**3 - 6*i**2 - 1/120*i**6 + 0. Determine f(-3).
-6
Let p(c) = -c**2 + 2 - 2 + 4*c. Let a be p(4). Let i(r) = 9*r**2 + 5*r - 11. Let g(f) = 4*f**2 + 2*f - 5. Let u(t) = 7*g(t) - 3*i(t). What is u(a)?
-2
Suppose 5*b - 31 = x, -3*b + 4*b + 5*x - 1 = 0. Let u = b + -4. Let y(j) = 3 + 0*j**2 - 1 - 2*j**u - 3*j + j**2. Give y(-3).
2
Suppose 0 + 2 = -5*k - 4*l, k + 7 = -3*l. Suppose -k*x = -2 - 4. Suppose -x = -m - 2*m. Let p(j) = -11*j**2 + j. Determine p(m).
-10
Let q(a) = -11*a**2 + 3 - 8*a + 0 + 12*a**2 + 2. Calculate q(6).
-7
Let v(p) = -3*p**2 - 3*p + 5. Let o(g) = 16*g**2 + 15*g - 26. Let a(q) = -2*o(q) - 11*v(q). Let w = -24 + 19. Give a(w).
7
Let f(q) = q**2 - 5*q + 5. Let t(r) = -r**2 + 4*r - 4. Let z(w) = 6*f(w) + 7*t(w). Determine z(-3).
-1
Let n(o) = -o**2 - 3*o + 2. Let w be n(-2). Let q be (6/w)/((-15)/(-20)). Let c(u) = -u - 2*u**q + u - 1. Give c(1).
-3
Let i(h) = -h**2 - h - 3. Let z be 1*((-5)/(15/(-6)) - -1). Determine i(z).
-15
Let v(w) = w + 2. Let h = -1 + 3. Let a be v(h). Let r(b) = a + 0*b**2 - 5*b - b**2 + b. What is r(-5)?
-1
Let j = 6 - 11. Let y(w) = -4 + 0 + w + 11. What is y(j)?
2
Let v(n) be the second derivative of n**4/12 - n**3/3 - 5*n**2/2 - 16*n. Give v(6).
19
Let h(a) be the first derivative of 3*a**2/2 - a - 2. Let o(d) = 3*d - 1. Suppose -2*x - 15 = -5*x. Let r(v) = x*o(v) - 4*h(v). Determine r(-1).
-4
Let o(f) = -f**2 + 6*f - 7. Let k be o(5). Let n(r) = r**3 + 2*r**2 + 4*r + 3. What is n(k)?
-5
Suppose 11 = -2*u + 1. Let x(s) = -3*s + 15. Let v be x(-9). Let m(b) = 5 + 0 - 5*b**2 + 0 + 41*b**3 - v*b**3. Determine m(u).
5
Let h(b) = 10*b**2 - 34*b + 23. Let w(x) = 3*x**2 - 11*x + 8. Let s(p) = -2*h(p) + 7*w(p). Give s(8).
2
Suppose 0 = 3*q - 5 - 4. Suppose -q*c = c + 48. Let p be (-8)/c + (-5)/3. Let a(s) = 8*s + 1. Give a(p).
-7
Let t(b) be the second derivative of -b**3 - 3*b**2/2 + 2*b. Let r be t(-2). Let i = r - 14. Let x(g) = -2*g - 2. Give x(i).
8
Let f = 21 + -16. Let a(k) = k**2 - 8*k + 5. What is a(f)?
-10
Let r(o) = o**3 - 2*o**2 + o + 1. Suppose -d + 5 = 3*u, 0*d - d = -u + 3. Determine r(u).
3
Let i(p) be the first derivative of -p**2/2 + 4*p - 20. Let l = -9 + 14. Calculate i(l).
-1
Let a(q) be the third derivative of -q**5/60 + q**4/3 - 2*q**3/3 + 2*q**2. Calculate a(8).
-4
Let g = -9 + 17. Let r be 8/6*12/g. Let h(d) = 4*d**2 + d - 5*d - 2 - 3*d**r. Calculate h(5).
3
Let v(b) = -2*b**2 - 25*b - 9. Let w(q) = q**2 + 13*q + 5. Let h(a) = 6*v(a) + 11*w(a). Let y = -8 + 2. Calculate h(y).
7
Suppose 4*u + 3*h = 4*h + 17, 5*h + 9 = u. Suppose -6 = 4*a - 5*j, 2*j - u*j + 3 = -a. Suppose -v - 2 = -a. Let x(l) = l**2 - l - 1. Calculate x(v).
1
Let u(m) = -3*m - 16. Let g be u(-7). Let r(y) be the third derivative of 3*y**2 + 0*y - 2/15*y**g + 1/24*y**4 + 0 - 1/6*y**3. Give r(1).
-8
Let n(h) = 3*h - 7. Let v(x) = -2*x + 10. Let m(q) = -q + 9. Let f(p) = 5*m(p) - 6*v(p). Let y(l) = 2*f(l) - 5*n(l). Determine y(6).
-1
Let k = 10 + -2. Let d(p) = k - p - 2*p + p. Give d(6).
-4
Let o(w) be the third derivative of -2/3*w**3 - 8*w**2 + 0 + 0*w - 1/24*w**4. What is o(-8)?
4
Let s(o) be the third derivative of -o**4/24 - 2*o**3/3 + o**2. Suppose 0 = -a - y, 0 = -2*a - 3*y + 4*y. What is s(a)?
-4
Let d(s) = 11*s. Let b(q) = 6*q - 1. Let j be b(1). Let a(w) = w - 4. Let i be a(j). Calculate d(i).
11
Let m(b) = -b + 9. Let l(y) = 2*y - 19. Let o(c) = 4*l(c) + 9*m(c). Give o(0).
5
Let n(j) = 7*j**2 - 21*j + 3. Let h be n(3). Let c(m) be the first derivative of -m + 2/3*m**h + 1/4*m**4 - 2 - 1/2*m**2. What